d k.
12
Let l = 604 - 533. What is the highest common factor of l and 213?
71
Suppose 0 = 26*b - 21*b - 2665. Calculate the highest common divisor of b and 205.
41
Let u be (2 - 2)/((-6)/(-6)) - -2. Suppose 2*t - u = 6. Calculate the greatest common factor of t and 10.
2
Let l = 3 + 19. Let o(c) = -11*c. Let k be o(-4). What is the highest common factor of l and k?
22
Suppose -2*y + 90*b - 94*b + 4 = 0, -4*y - 5*b + 8 = 0. What is the highest common divisor of y and 99?
1
Let f = -439 + 441. What is the greatest common divisor of f and 14?
2
Let u(q) = -3*q - 8. Let x be u(-6). Let s = -10 + x. Suppose -4*m + 5*d + 62 = s, 31 = 2*m + m + 4*d. Calculate the greatest common factor of 13 and m.
13
Suppose 0 = -5*k - 2*i + 110, -i - i = -4*k + 106. Suppose -8*p + k = -16. Suppose p*b + 25 = 585. Calculate the highest common divisor of 16 and b.
16
Let v be 49 - (8 - (7 - 6)). What is the greatest common factor of v and 651?
21
Let f be 209/2 + -4 - 1/(-2). Suppose f = 5*j - 24. Calculate the greatest common factor of 5 and j.
5
Let z = -50 - -55. What is the greatest common divisor of z and 20?
5
Let g(o) = o + 37. Let u be g(6). What is the greatest common divisor of u and 473?
43
Let a = -4 + 15. Let h(j) = -3*j**2 - 91*j + 352. Let y be h(-33). Calculate the highest common factor of y and a.
11
Suppose 4*v + 3*a - 378 = -156, 5*a - 10 = 0. Calculate the greatest common factor of 414 and v.
18
Let d be ((11 - 6) + -6)*1 + 9. Let u = 8 + -4. What is the greatest common factor of d and u?
4
Let f = -21 - -25. Suppose 0 = -0*k + 4*k - f. What is the greatest common factor of k and 5?
1
Suppose 3550 = 5*v + 2*u, -3*u - 697 = -v - 6*u. Calculate the greatest common divisor of 16 and v.
8
Let r = -42 + 49. Let o(q) = q + 11. Let z be o(-7). Suppose 3*j = -4*n + 2*j + 4, 4*n = 4*j + z. Calculate the highest common factor of r and n.
1
Suppose 4*q + 9 = -19. Let c(g) = -g**2 - 6*g + 7. Let n be c(q). Suppose b - 5*b + 60 = n. Calculate the highest common divisor of b and 45.
15
Suppose 2*n = -618 - 214. Let a be ((-5)/4)/(13/n). Let r(m) = -2*m. Let l be r(-10). Calculate the highest common divisor of a and l.
20
Let t be 22 + (0 - (-25)/(9 - 4)). What is the greatest common factor of t and 63?
9
Let a(k) = k**3 + 6*k**2 + 7*k + 8. Let p be a(-5). Let r be 1 + 1 - (4 + -96 - p). What is the highest common factor of r and 138?
46
Suppose -114 = -2*j - 140. Let g(l) = l**2 + 13*l + 6. Let b be g(j). Calculate the greatest common divisor of b and 12.
6
Let w be 1 + (-1 - (4 - 1)). Let g be w*3*4/(-12). Suppose -3*t = -g + 15, -t + 11 = h. Calculate the highest common divisor of 3 and h.
3
Let o be 28 + (-4 - -6) - 3 - 3. Let s be (-34)/(-6) + 2/6. What is the greatest common divisor of o and s?
6
Suppose -4*g + 1204 = -0*g. Let l = g - 136. Let h be ((-6)/(-3))/2*15. What is the greatest common divisor of h and l?
15
Let g be (-10)/15*6/(-4). Let d be -4 - (-16 - g) - 1. What is the highest common factor of 108 and d?
12
Suppose -282 = 5*y + 573. Suppose 0 = 3*l + 145 + 221. Let r = l - y. What is the highest common factor of r and 7?
7
Let s(q) = 18*q**3 - 4*q**2 - q + 4. Let n be s(3). Calculate the greatest common factor of n and 44.
11
Let w be 39/15 - (-6)/15. Let m be 1154/16 + w/(-24). Suppose -3 = -c, -l - 5*c - 1 + 24 = 0. Calculate the greatest common factor of l and m.
8
Suppose 7 = -2*h + 19. Let o = -266 + 272. What is the highest common factor of h and o?
6
Let a be 1*(-2 - -67) + 6 + -9. What is the greatest common factor of 248 and a?
62
Suppose z - 4*m + 9 = 163, 4*z - 4*m = 664. Calculate the greatest common factor of z and 30.
10
Let j = 310 - 272. Calculate the highest common divisor of j and 570.
38
Suppose 134 = 3*b + 50. Let s(m) = 2*m - 4. Let d be s(4). Suppose -2*a = -3*t + 598, 3*a + 789 = d*t + 2*a. What is the highest common divisor of t and b?
28
Let s(u) = -4*u - 3. Let g be s(-3). Suppose 4*i = -z + 2*z + 5, 4*z = -i + 14. Let j(p) = 2*p**2. Let o be j(z). What is the highest common factor of g and o?
9
Let v = 667 - -438. Suppose v = -0*b + 5*b. Suppose 0 = -3*y + 6, 4*m + m - 2*y - b = 0. Calculate the highest common divisor of 9 and m.
9
Let c(j) = -2 - j + 2*j - 113*j**3 + 5 - 2. Let i(s) = s. Let f(h) = -c(h) + i(h). Let v be f(1). What is the greatest common factor of v and 14?
14
Let k = -43 - -44. Let r(u) = 73*u**2 + u - 2. Let d be r(k). Suppose -4*j - 2*n + 43 = 15, 0 = 3*j - 4*n - 43. Calculate the greatest common factor of d and j.
9
Suppose 10 = -0*h + 3*h - q, 5*q - 10 = 3*h. Let r(n) = -n**3 + 6*n**2 - 4*n + 1. Let t be r(h). Calculate the highest common divisor of t and 9.
3
Let l be (-57)/(-6)*((4 - -1) + -3). Calculate the greatest common divisor of l and 38.
19
Let p(a) = -11 + 11*a**2 + 2*a**2 - a**3 + 3*a - 16*a + 34. Let u be p(12). What is the highest common factor of 121 and u?
11
Let b(q) = 6*q**3 + q**2 - 1. Let t be b(1). Suppose -3*u + 2*j + 28 = 0, 4 = 2*u - 4*j - 20. Calculate the highest common divisor of u and t.
2
Let a(p) = 4*p**3 - 2*p + 2. Let s be a(1). Let c be (-4 - -5)*(115 - s/(-2)). Let j = 24 + -11. Calculate the highest common divisor of c and j.
13
Let r = -438 + 492. Let k be (2 + 52)*(-6)/(-9). What is the highest common factor of r and k?
18
Let c be 2*(-2)/10 - 354/(-10). What is the greatest common factor of c and 140?
35
Let i = -19 + 19. Suppose -2*z + 101 + 165 = i. Suppose -28 = -b - 9. What is the greatest common divisor of z and b?
19
Suppose 6*h = 3*h + 15. Let b(z) = z**2 - 7*z - 6. Let s be b(8). Suppose -s*j = -7*j + h. Calculate the greatest common divisor of 10 and j.
1
Let s be ((-39)/26)/((-3)/132*3). Suppose 5*p = 409 + 471. Calculate the greatest common factor of p and s.
22
Suppose -437*n + 442*n = 180. What is the greatest common divisor of 27 and n?
9
Suppose -4*c = -4*u + 20, u + 5*c = -2*u - 9. Let w = -7 - -21. What is the highest common factor of u and w?
2
Let a(q) = q**3 + 8*q**2 - 5*q - 12. Let o = -28 + 23. Let p be a(o). Calculate the highest common divisor of p and 8.
8
Let d = -3 - -3. Let r be -20 + d + -2 + 2. Let t = 28 + r. What is the highest common factor of 4 and t?
4
Suppose 8*x - 3 = -3. Suppose 5*p - 4*u = 6*p - 24, x = u. What is the highest common divisor of 48 and p?
24
Let v(h) = -2*h + 40. Let l be v(2). Calculate the greatest common divisor of l and 96.
12
Suppose -2*s - 4*m + 0 = -38, m = 3. Calculate the highest common divisor of s and 182.
13
Let w be (14/(-49))/(10/(-175)). What is the greatest common factor of w and 35?
5
Let w = 6 + -2. Suppose -3*j = -4*j + 2, -z + 24 = w*j. Let u = -418 + 594. What is the highest common divisor of z and u?
16
Let k be 60/(-14)*(-2310)/275. Calculate the greatest common factor of k and 36.
36
Suppose -b + 11 = z, -5*z + 11 = b - z. Let u = 5 - b. Let v be 1/u + 340/24. Calculate the greatest common divisor of 126 and v.
14
Let c(t) = -10*t + 4*t + 6*t + 12 + 3*t. Let f be c(9). Calculate the highest common factor of 52 and f.
13
Suppose 2*z - 52 = 44. Calculate the highest common factor of 432 and z.
48
Suppose 136 = q + q. Suppose 5*p - 182 = -3*m, -4*p + 165 = 5*m + 9. What is the greatest common divisor of q and p?
34
Let j = 330 + -90. Suppose 0 = -6*t + 3*t + j. Suppose -17 + t = 7*v. Calculate the greatest common divisor of v and 9.
9
Suppose 17*i - 857 - 435 = 0. What is the greatest common factor of i and 95?
19
Let p(k) = -k**3 + 17*k + 48. Let y be p(-4). Suppose -3*f + 5*f - 31 = -3*r, 5*f = 2*r - 8. Let m = -5 + r. Calculate the greatest common divisor of y and m.
4
Let o(l) = 10*l**2 + 20*l + 7. Let j be o(-3). Calculate the highest common factor of 259 and j.
37
Suppose 5*f = -13 + 393. Calculate the highest common factor of 2 and f.
2
Suppose -10*p + 147 = -7*p. Suppose p = 3*j + 5*c, -2*j + 7*j = 3*c + 25. Calculate the highest common divisor of j and 40.
8
Let q = -138 + 151. What is the highest common divisor of q and 65?
13
Let v be (10 + -2)*9/(-6). Let d be v/5*(-200)/12. Let s = d + -25. Calculate the highest common factor of s and 3.
3
Let w = 555 + -147. What is the highest common factor of w and 17?
17
Let d = 233 + -212. Calculate the greatest common divisor of 7 and d.
7
Let h = 344 + -332. What is the greatest common divisor of 12 and h?
12
Let a(q) = -q - 